f 22 and 77?
11
Calculate the greatest common factor of 159 and 6.
3
Calculate the highest common factor of 452 and 1.
1
What is the highest common factor of 66 and 418?
22
What is the highest common divisor of 1375 and 500?
125
Calculate the greatest common factor of 20 and 3140.
20
What is the highest common factor of 1393 and 91?
7
Calculate the highest common factor of 34 and 731.
17
Calculate the greatest common factor of 11005 and 310.
155
What is the highest common factor of 320 and 2784?
32
Calculate the greatest common factor of 302 and 92714.
302
What is the greatest common factor of 3069 and 825?
33
What is the greatest common factor of 6128 and 80?
16
Calculate the highest common divisor of 696 and 3.
3
What is the greatest common divisor of 989 and 86?
43
What is the greatest common divisor of 1331 and 55?
11
What is the greatest common divisor of 222 and 1887?
111
What is the greatest common factor of 14 and 175?
7
What is the greatest common divisor of 18 and 396?
18
Calculate the highest common factor of 149 and 26224.
149
What is the highest common divisor of 640 and 40?
40
What is the highest common divisor of 49 and 77?
7
Calculate the highest common divisor of 368 and 32.
16
Calculate the highest common factor of 789 and 15.
3
What is the greatest common divisor of 21 and 12775?
7
Calculate the greatest common divisor of 483 and 897.
69
What is the highest common divisor of 180 and 450?
90
Calculate the greatest common factor of 24 and 717.
3
Calculate the highest common factor of 36 and 22518.
18
Calculate the greatest common factor of 5 and 33560.
5
Calculate the highest common factor of 336 and 28.
28
What is the highest common divisor of 50 and 2550?
50
What is the greatest common factor of 198 and 858?
66
What is the highest common factor of 170 and 670?
10
What is the highest common divisor of 34 and 901?
17
Calculate the highest common factor of 1176 and 552.
24
Calculate the highest common factor of 46 and 460.
46
What is the highest common factor of 16932 and 8?
4
Calculate the highest common divisor of 3753 and 2363.
139
Calculate the highest common factor of 9430 and 184.
46
What is the highest common factor of 4932 and 36?
36
Calculate the greatest common divisor of 55 and 880.
55
What is the greatest common factor of 391 and 92?
23
Calculate the greatest common divisor of 14410 and 55.
55
What is the greatest common divisor of 160 and 210?
10
What is the greatest common divisor of 1620 and 60?
60
What is the greatest common divisor of 26 and 65?
13
Calculate the greatest common divisor of 6 and 1362.
6
Calculate the highest common divisor of 222 and 48.
6
What is the highest common divisor of 144 and 804?
12
Calculate the greatest common factor of 309 and 412.
103
What is the greatest common factor of 1120 and 35?
35
Calculate the highest common factor of 926 and 10.
2
What is the greatest common divisor of 81 and 99?
9
What is the greatest common divisor of 51 and 1?
1
Calculate the highest common factor of 550 and 704.
22
What is the highest common factor of 187 and 51?
17
What is the highest common divisor of 2067 and 390?
39
Calculate the highest common divisor of 165 and 795.
15
What is the highest common divisor of 14 and 686?
14
Calculate the greatest common factor of 354 and 11859.
177
Calculate the greatest common factor of 8299 and 386.
193
Calculate the greatest common factor of 13325 and 41.
41
Calculate the greatest common divisor of 21 and 581.
7
What is the highest common divisor of 12 and 192?
12
Calculate the highest common factor of 456 and 57.
57
What is the highest common factor of 20400 and 96?
48
Calculate the highest common factor of 11 and 847.
11
What is the highest common factor of 63 and 1323?
63
What is the highest common divisor of 21 and 3?
3
Calculate the highest common divisor of 1903 and 11.
11
What is the highest common divisor of 1102 and 19?
19
What is the greatest common divisor of 2046 and 528?
66
Calculate the greatest common divisor of 1280 and 40.
40
Calculate the greatest common divisor of 5141 and 291.
97
What is the highest common divisor of 117 and 65?
13
Calculate the greatest common divisor of 12546 and 3321.
369
Calculate the highest common divisor of 24 and 300.
12
What is the highest common factor of 154 and 176?
22
What is the highest common factor of 308 and 220?
44
Calculate the greatest common divisor of 1056 and 8.
8
Calculate the greatest common factor of 26 and 91.
13
Calculate the highest common factor of 7 and 1491.
7
What is the highest common divisor of 60 and 354?
6
What is the greatest common divisor of 7 and 973?
7
Calculate the greatest common factor of 4794 and 423.
141
Calculate the highest common factor of 56 and 72.
8
Calculate the highest common divisor of 133 and 38.
19
What is the greatest common factor of 1615 and 31331?
323
What is the highest common factor of 296 and 1073?
37
What is the highest common divisor of 198 and 72?
18
Calculate the highest common factor of 686 and 14.
14
What is the highest common divisor of 213 and 9727?
71
Calculate the highest common factor of 380 and 76.
76
Calculate the greatest common divisor of 88 and 748.
44
Calculate the greatest common factor of 180 and 120.
60
Calculate the greatest common divisor of 16 and 3824.
16
What is the greatest common divisor of 25555 and 95?
95
What is the highest common divisor of 12 and 15888?
12
What is the highest common factor of 219 and 511?
73
Calculate the greatest common factor of 296 and 8.
8
What is the highest common divisor of 143 and 117?
13
What is the greatest common divisor of 81 and 90?
9
What is the greatest common divisor of 320 and 20?
20
What is the highest common divisor of 638 and 232?
58
What is the highest common factor of 105 and 245?
35
What is the greatest common divisor of 642 and 6?
6
What is the highest common factor of 47 and 3?
1
Calculate the highest common divisor of 8 and 68.
4
What is the greatest common factor of 8 and 508?
4
Calculate the greatest common factor of 536 and 67.
67
What is the highest common divisor of 749 and 77?
7
Calculate the highest common divisor of 50 and 475.
25
What is the highest common divisor of 2130 and 90?
30
What is the highest common factor of 6 and 582?
6
What is the highest common factor of 25787 and 107?
107
What is the highest common divisor of 426 and 84?
6
Calculate the highest common factor of 6622 and 42.
14
Calculate the highest common factor of 3776 and 160.
32
What is the greatest common divisor of 810 and 340?
10
What is the greatest common factor of 140 and 180?
20
What is the greatest common factor of 105 and 567?
21
What is the highest common divisor of 72 and 48?
24
What is the highest common divisor of 19060 and 20?
20
Calculate the greatest common factor of 16 and 584.
8
Calculate the greatest common factor of 384 and 1.
1
What is the highest common factor of 33 and 363?
33
Calculate the greatest common factor of 852 and 24.
12
Calculate the greatest common divisor of 121 and 33.
11
What is the greatest common factor of 1122 and 66?
66
What is the greatest common factor of 240 and 510?
30
What is the greatest common divisor of 24 and 26376?
24
What is the greatest common factor of 29 and 3625?
29
What is the greatest common divisor of 793 and 13?
13
What is the highest common factor of 12 and 186?
6
What is the highest common divisor of 410 and 190?
10
Calculate the highest common divisor of 232 and 203.
29
Calculate the highest common factor of 413 and 35.
7
What is the highest common factor of 18688 and 73?
73
Calculate the highest common divisor of 4 and 224.
4
What is the greatest common divisor of 35 and 91?
7
What is the greatest common divisor of 20 and 28?
4
Calculate the highest common factor of 45 and 35.
5
Calculate the greatest common divisor of 75 and 150.
75
What is the greatest common divisor of 31 and 341?
31
Calculate the greatest common divisor of 253 and 207.
23
What is the greatest common divisor of 7585 and 410?
205
Calculate the highest common divisor of 13 and 949.
13
Calculate the highest common factor of 97 and 3492.
97
What is the greatest common factor of 11 and 704?
11
Calculate the highest common factor of 67 and 3149.
67
Calculate the greatest common di